{"id":74,"date":"2016-12-28T05:25:41","date_gmt":"2016-12-28T05:25:41","guid":{"rendered":"https:\/\/themify.me\/demo\/themes\/ultra-lawyer\/?page_id=29"},"modified":"2019-01-10T14:24:40","modified_gmt":"2019-01-10T19:24:40","slug":"contact-us","status":"publish","type":"page","link":"https:\/\/www.gcroberge.ca\/marketing\/contact-us\/","title":{"rendered":"Communiquez avec nous"},"content":{"rendered":"<!--themify_builder_content-->\n<div id=\"themify_builder_content-74\" data-postid=\"74\" class=\"themify_builder_content themify_builder_content-74 themify_builder tf_clear\">\n    \t\t\t\t<!-- module_row -->\n\t\t<div  data-css_id=\"7vxb002\" data-lazy=\"1\" class=\"module_row themify_builder_row fullwidth_row_container tb_7vxb002 tb_first tf_w tf_clearfix wow\" data-tf-animation=\"fadeIn\">\n\t\t<div class=\"builder_row_cover tf_abs\"><\/div>\t\t\t<div class=\"row_inner col_align_top tb_col_count_1 tf_box tf_rel\">\n\t\t\t\t\t<div  data-lazy=\"1\" class=\"module_column tb-column col-full tb_lg8i007 first\">\n\t\t\t\t\t\t\t\t\t<div class=\"tb-column-inner tf_box tf_w\">\n\t\t\t\t<!-- module text -->\n<div  class=\"module module-text tb_fuaj030  repeat  wow\" data-tf-animation=\"fadeInUp\" data-lazy=\"1\">\n        <div  class=\"tb_text_wrap\">\n    <h1>Communiquez avec nous<\/h1>    <\/div>\n<\/div>\n<!-- \/module text -->\t\t\t\t<\/div><!-- .tb-column-inner -->\n\t\t\t\t\t\t<\/div><!-- .module_column -->\n\t\t\t\t\t\t<\/div><!-- .row_inner -->\n\t\t<\/div><!-- .module_row -->\n\t\t\t\t\t\t\t\t<!-- module_row -->\n\t\t<div  data-lazy=\"1\" class=\"module_row themify_builder_row tb_248s730 tf_w tf_clearfix\">\n\t\t\t\t\t<div class=\"row_inner col_align_top tb_col_count_2 tf_box tf_rel\">\n\t\t\t\t\t<div  data-lazy=\"1\" class=\"module_column tb-column col4-2 tb_wsrh040 first\">\n\t\t\t\t\t\t\t\t\t<div class=\"tb-column-inner tf_box tf_w\">\n\t\t\t\t<!-- module text -->\n<div  class=\"module module-text tb_aoay073  repeat  wow\" data-tf-animation=\"fadeInLeft\" data-lazy=\"1\">\n        <div  class=\"tb_text_wrap\">\n    <h3>Avant de nous rejoindre<\/h3><ul><li>Quels objectifs poursuivez-vous?<\/li><li>Quels outils avez-vous \u00e0 votre disposition?<\/li><li>Connaissez-vous votre client\u00e8le?<\/li><li>\u00cates-vous pr\u00eat \u00e0 passer \u00e0 l\\&rsquo;action?<\/li><\/ul><p>Nous pouvons vous aider \u00e0 r\u00e9pondre \u00e0 ces questions. Vous \u00eates pr\u00eat pour Le Groupe Conseil Roberge expert en gestion, op\u00e9ration et planification markeging.<\/p>    <\/div>\n<\/div>\n<!-- \/module text -->\t\t\t\t<\/div><!-- .tb-column-inner -->\n\t\t\t\t\t\t<\/div><!-- .module_column -->\n\t\t\t\t\t<div  data-lazy=\"1\" class=\"module_column tb-column col4-2 tb_bxt9060 last\">\n\t\t\t\t\t\t\t\t\t<div class=\"tb-column-inner tf_box tf_w\">\n\t\t\t\t<!-- module text -->\n<div  class=\"module module-text tb_3eeg070  repeat  wow\" data-tf-animation=\"fadeInRight\" data-lazy=\"1\">\n        <div  class=\"tb_text_wrap\">\n    <h3>Nous joindre<\/h3>    <\/div>\n<\/div>\n<!-- \/module text --><!-- module icon -->\n<div  class=\"module module-icon tb_joty303 contact-info small none icon_vertical  wow\" data-tf-animation=\"fadeInRight\" data-lazy=\"1\">\n\t\t\t<div class=\"module-icon-item\">\n\t\t\t\t\t\t\t\t\t\t\t\t\t\t\t\t<em class=\"tf_box\"><svg  class=\"tf_fa tf-ti-home\" aria-hidden=\"true\"><use href=\"#tf-ti-home\"><\/use><\/svg><\/em>\n\t\t\t\t\t\t\t\t\t\t\t\t\t\t\t\t\t\t\t<span>341, Jean-Paul Sartre Chicoutimi Qc G7J 4Y2<\/span>\n\t\t\t\t\t\t\t\t\t\t\t\t\t\t\t<\/div>\n\t\t\t<div class=\"module-icon-item\">\n\t\t\t\t\t\t\t<a href=\"tel:418-376-9098\">\n\t\t\t\t\t\t\t\t\t\t\t\t\t\t\t\t\t<em class=\"tf_box\"><svg  class=\"tf_fa tf-fas-phone\" aria-hidden=\"true\"><use href=\"#tf-fas-phone\"><\/use><\/svg><\/em>\n\t\t\t\t\t\t\t\t\t\t\t\t\t\t\t\t\t\t\t<span>418.376.9098<\/span>\n\t\t\t\t\t\t\t\t\t\t\t\t\t\t\t\t\t<\/a>\n\t\t\t\t\t<\/div>\n\t\t\t<div class=\"module-icon-item\">\n\t\t\t\t\t\t\t\t\t\t\t\t\t\t\t\t<em class=\"tf_box\"><svg  class=\"tf_fa tf-ti-time\" aria-hidden=\"true\"><use href=\"#tf-ti-time\"><\/use><\/svg><\/em>\n\t\t\t\t\t\t\t\t\t\t\t\t\t\t\t\t\t\t\t<span>Du lundi au vendredi 8:00 - 17:00<\/span>\n\t\t\t\t\t\t\t\t\t\t\t\t\t\t\t<\/div>\n\t<\/div>\n<!-- \/module icon -->\n\t\t\t\t<\/div><!-- .tb-column-inner -->\n\t\t\t\t\t\t<\/div><!-- .module_column -->\n\t\t\t\t\t\t<\/div><!-- .row_inner -->\n\t\t<\/div><!-- .module_row -->\n\t\t\t\t\t\t\t\t<!-- module_row -->\n\t\t<div  data-lazy=\"1\" class=\"module_row themify_builder_row tb_xgd7306 tf_w tf_clearfix wow\" data-tf-animation=\"fadeInUp\">\n\t\t\t\t\t<div class=\"row_inner col_align_top tb_col_count_1 tf_box tf_rel\">\n\t\t\t\t\t<div  data-lazy=\"1\" class=\"module_column tb-column col-full tb_i7pi070 first\">\n\t\t\t\t\t\t\t\t\t<div class=\"tb-column-inner tf_box tf_w\">\n\t\t\t\t<!-- module text -->\n<div  class=\"module module-text tb_9bzi776  repeat  wow\" data-tf-animation=\"fadeInUp\" data-lazy=\"1\">\n        <div  class=\"tb_text_wrap\">\n    <h2>Envoyez-nous votre message<\/h2><p class=\"wpcf7-contact-form-not-found\"><strong>Erreur\u00a0:<\/strong> Formulaire de contact non trouv\u00e9\u00a0!<\/p>    <\/div>\n<\/div>\n<!-- \/module text -->\t\t\t\t<\/div><!-- .tb-column-inner -->\n\t\t\t\t\t\t<\/div><!-- .module_column -->\n\t\t\t\t\t\t<\/div><!-- .row_inner -->\n\t\t<\/div><!-- .module_row -->\n\t\t\t\t\t\t\t\t<!-- module_row -->\n\t\t<div  data-lazy=\"1\" class=\"module_row themify_builder_row tb_ly1n367 tf_w tf_clearfix\">\n\t\t\t\t\t<div class=\"row_inner col_align_top tb_col_count_1 tf_box tf_rel\">\n\t\t\t\t\t<div  data-lazy=\"1\" class=\"module_column tb-column col-full tb_4nid045 first\">\n\t\t\t\t\t\t\t\t\t<div class=\"tb-column-inner tf_box tf_w\">\n\t\t\t\t\t\t<div  data-lazy=\"1\" class=\"module_subrow themify_builder_sub_row tb_c2q1573 tf_w tf_clearfix\">\n\t\t\t\t\t<div class=\"subrow_inner col_align_top tb_col_count_3 tf_box tf_w\">\n\t\t\t\t\t<div  data-lazy=\"1\" class=\"module_column sub_column col4-1 tb_5c3b070 first\">\n\t\t\t\t\t\t\t<\/div><!-- .module_column -->\n\t\t\t\t\t<div  data-lazy=\"1\" class=\"module_column sub_column col4-2 tb_ru0h330 contact-form\">\n\t\t\t\t\t\t\t\t\t<div class=\"tb-column-inner tf_box tf_w\">\n\t\t\t\t<!-- module text -->\n<div  class=\"module module-text tb_oin2076  repeat  wow\" data-tf-animation=\"fadeInUp\" data-lazy=\"1\">\n        <div  class=\"tb_text_wrap\">\n    <h2>T\u00e9l\u00e9phonez-nous<\/h2><p>\u00a0<\/p>    <\/div>\n<\/div>\n<!-- \/module text -->\t\t\t\t<\/div><!-- .tb-column-inner -->\n\t\t\t\t\t\t<\/div><!-- .module_column -->\n\t\t\t\t\t<div  data-lazy=\"1\" class=\"module_column sub_column col4-1 tb_c67k706 last\">\n\t\t\t\t\t\t\t<\/div><!-- .module_column -->\n\t\t\t\t\t\t<\/div><!-- .subrow_inner -->\n\t\t<\/div><!-- .themify_builder_sub_row -->\n\t\t\t\t<!-- module buttons -->\n<div  class=\"module module-buttons tb_zbgl060 buttons-horizontal squared  xlarge squared\" data-lazy=\"1\">\n\t\t<div class=\"module-buttons-item tf_inline_b\">\n\t\t\t\t\t\t<a href=\"tel:418-376-9098\" class=\"ui builder_button red\" >\n\t\t\t\t\t\t\t\t<em class=\"tf_inline_b tf_vmiddle\"><svg  class=\"tf_fa tf-fas-phone\" aria-hidden=\"true\"><use href=\"#tf-fas-phone\"><\/use><\/svg><\/em>\t\t\t\t\t\t\t<span class=\"tf_inline_b tf_vmiddle\">418-376-9098<\/span>\n\t\t\t\t\t\t\t\t\t\t\t\t<\/a>\n\t\t\t\t\t\t<\/div>\n\t\t\t<\/div>\n<!-- \/module buttons -->\n\t\t\t\t<\/div><!-- .tb-column-inner -->\n\t\t\t\t\t\t<\/div><!-- .module_column -->\n\t\t\t\t\t\t<\/div><!-- .row_inner -->\n\t\t<\/div><!-- .module_row -->\n\t\t\t\t<\/div>\n<!--\/themify_builder_content-->","protected":false},"excerpt":{"rendered":"<p>Communiquez avec nous Avant de nous rejoindre Quels objectifs poursuivez-vous? Quels outils avez-vous \u00e0 votre disposition? Connaissez-vous votre client\u00e8le? \u00cates-vous pr\u00eat \u00e0 passer \u00e0 l\\&rsquo;action? Nous pouvons vous aider \u00e0 r\u00e9pondre \u00e0 ces questions. Vous \u00eates pr\u00eat pour Le Groupe Conseil Roberge expert en gestion, op\u00e9ration et planification markeging. Nous joindre 341, Jean-Paul Sartre Chicoutimi [&hellip;]<\/p>\n","protected":false},"author":1,"featured_media":0,"parent":0,"menu_order":0,"comment_status":"closed","ping_status":"closed","template":"","meta":{"_exactmetrics_skip_tracking":false,"_exactmetrics_sitenote_active":false,"_exactmetrics_sitenote_note":"","_exactmetrics_sitenote_category":0,"footnotes":""},"class_list":["post-74","page","type-page","status-publish","hentry","has-post-title","has-post-date","has-post-category","has-post-tag","has-post-comment","has-post-author",""],"yoast_head":"<!-- This site is optimized with the Yoast SEO plugin v26.6 - https:\/\/yoast.com\/wordpress\/plugins\/seo\/ -->\n<title>Communiquez avec nous - Groupe Conseil Roberge - Gestion, op\u00e9ration &amp; marketing<\/title>\n<meta name=\"description\" content=\"Communiquez avec le Groupe Conseil Roberge\" \/>\n<meta name=\"robots\" content=\"index, follow, max-snippet:-1, max-image-preview:large, max-video-preview:-1\" \/>\n<link rel=\"canonical\" href=\"https:\/\/www.gcroberge.ca\/marketing\/contact-us\/\" \/>\n<meta property=\"og:locale\" content=\"fr_FR\" \/>\n<meta property=\"og:type\" content=\"article\" \/>\n<meta property=\"og:title\" content=\"Communiquez avec nous - Groupe Conseil Roberge - Gestion, op\u00e9ration &amp; marketing\" \/>\n<meta property=\"og:description\" content=\"Communiquez avec le Groupe Conseil Roberge\" \/>\n<meta property=\"og:url\" content=\"https:\/\/www.gcroberge.ca\/marketing\/contact-us\/\" \/>\n<meta property=\"og:site_name\" content=\"Groupe Conseil Roberge - Gestion, op\u00e9ration &amp; marketing\" \/>\n<meta property=\"article:modified_time\" content=\"2019-01-10T19:24:40+00:00\" \/>\n<meta name=\"twitter:card\" content=\"summary_large_image\" \/>\n<script type=\"application\/ld+json\" class=\"yoast-schema-graph\">{\"@context\":\"https:\/\/schema.org\",\"@graph\":[{\"@type\":\"WebPage\",\"@id\":\"https:\/\/www.gcroberge.ca\/marketing\/contact-us\/\",\"url\":\"https:\/\/www.gcroberge.ca\/marketing\/contact-us\/\",\"name\":\"Communiquez avec nous - Groupe Conseil Roberge - Gestion, op\u00e9ration &amp; marketing\",\"isPartOf\":{\"@id\":\"https:\/\/www.gcroberge.ca\/marketing\/#website\"},\"datePublished\":\"2016-12-28T05:25:41+00:00\",\"dateModified\":\"2019-01-10T19:24:40+00:00\",\"description\":\"Communiquez avec le Groupe Conseil Roberge\",\"breadcrumb\":{\"@id\":\"https:\/\/www.gcroberge.ca\/marketing\/contact-us\/#breadcrumb\"},\"inLanguage\":\"fr-FR\",\"potentialAction\":[{\"@type\":\"ReadAction\",\"target\":[\"https:\/\/www.gcroberge.ca\/marketing\/contact-us\/\"]}]},{\"@type\":\"BreadcrumbList\",\"@id\":\"https:\/\/www.gcroberge.ca\/marketing\/contact-us\/#breadcrumb\",\"itemListElement\":[{\"@type\":\"ListItem\",\"position\":1,\"name\":\"Accueil\",\"item\":\"https:\/\/www.gcroberge.ca\/marketing\/\"},{\"@type\":\"ListItem\",\"position\":2,\"name\":\"Communiquez avec nous\"}]},{\"@type\":\"WebSite\",\"@id\":\"https:\/\/www.gcroberge.ca\/marketing\/#website\",\"url\":\"https:\/\/www.gcroberge.ca\/marketing\/\",\"name\":\"Groupe Conseil Roberge - Gestion, op\u00e9ration &amp; marketing\",\"description\":\"Des conseils, des strat\u00e9gies, des d\u00e9cisions, de l&#039;action!\",\"potentialAction\":[{\"@type\":\"SearchAction\",\"target\":{\"@type\":\"EntryPoint\",\"urlTemplate\":\"https:\/\/www.gcroberge.ca\/marketing\/?s={search_term_string}\"},\"query-input\":{\"@type\":\"PropertyValueSpecification\",\"valueRequired\":true,\"valueName\":\"search_term_string\"}}],\"inLanguage\":\"fr-FR\"}]}<\/script>\n<!-- \/ Yoast SEO plugin. -->","yoast_head_json":{"title":"Communiquez avec nous - Groupe Conseil Roberge - Gestion, op\u00e9ration &amp; marketing","description":"Communiquez avec le Groupe Conseil Roberge","robots":{"index":"index","follow":"follow","max-snippet":"max-snippet:-1","max-image-preview":"max-image-preview:large","max-video-preview":"max-video-preview:-1"},"canonical":"https:\/\/www.gcroberge.ca\/marketing\/contact-us\/","og_locale":"fr_FR","og_type":"article","og_title":"Communiquez avec nous - Groupe Conseil Roberge - Gestion, op\u00e9ration &amp; marketing","og_description":"Communiquez avec le Groupe Conseil Roberge","og_url":"https:\/\/www.gcroberge.ca\/marketing\/contact-us\/","og_site_name":"Groupe Conseil Roberge - Gestion, op\u00e9ration &amp; marketing","article_modified_time":"2019-01-10T19:24:40+00:00","twitter_card":"summary_large_image","schema":{"@context":"https:\/\/schema.org","@graph":[{"@type":"WebPage","@id":"https:\/\/www.gcroberge.ca\/marketing\/contact-us\/","url":"https:\/\/www.gcroberge.ca\/marketing\/contact-us\/","name":"Communiquez avec nous - Groupe Conseil Roberge - Gestion, op\u00e9ration &amp; marketing","isPartOf":{"@id":"https:\/\/www.gcroberge.ca\/marketing\/#website"},"datePublished":"2016-12-28T05:25:41+00:00","dateModified":"2019-01-10T19:24:40+00:00","description":"Communiquez avec le Groupe Conseil Roberge","breadcrumb":{"@id":"https:\/\/www.gcroberge.ca\/marketing\/contact-us\/#breadcrumb"},"inLanguage":"fr-FR","potentialAction":[{"@type":"ReadAction","target":["https:\/\/www.gcroberge.ca\/marketing\/contact-us\/"]}]},{"@type":"BreadcrumbList","@id":"https:\/\/www.gcroberge.ca\/marketing\/contact-us\/#breadcrumb","itemListElement":[{"@type":"ListItem","position":1,"name":"Accueil","item":"https:\/\/www.gcroberge.ca\/marketing\/"},{"@type":"ListItem","position":2,"name":"Communiquez avec nous"}]},{"@type":"WebSite","@id":"https:\/\/www.gcroberge.ca\/marketing\/#website","url":"https:\/\/www.gcroberge.ca\/marketing\/","name":"Groupe Conseil Roberge - Gestion, op\u00e9ration &amp; marketing","description":"Des conseils, des strat\u00e9gies, des d\u00e9cisions, de l&#039;action!","potentialAction":[{"@type":"SearchAction","target":{"@type":"EntryPoint","urlTemplate":"https:\/\/www.gcroberge.ca\/marketing\/?s={search_term_string}"},"query-input":{"@type":"PropertyValueSpecification","valueRequired":true,"valueName":"search_term_string"}}],"inLanguage":"fr-FR"}]}},"builder_content":"<h1>Communiquez avec nous<\/h1>\n<h3>Avant de nous rejoindre<\/h3><ul><li>Quels objectifs poursuivez-vous?<\/li><li>Quels outils avez-vous \u00e0 votre disposition?<\/li><li>Connaissez-vous votre client\u00e8le?<\/li><li>\u00cates-vous pr\u00eat \u00e0 passer \u00e0 l\\'action?<\/li><\/ul><p>Nous pouvons vous aider \u00e0 r\u00e9pondre \u00e0 ces questions. Vous \u00eates pr\u00eat pour Le Groupe Conseil Roberge expert en gestion, op\u00e9ration et planification markeging.<\/p>\n<h3>Nous joindre<\/h3>\n<em><svg aria-hidden=\"true\"><use href=\"#tf-ti-home\"><\/use><\/svg><\/em> 341, Jean-Paul Sartre Chicoutimi Qc G7J 4Y2 <a href=\"tel:418-376-9098\"> <em><svg aria-hidden=\"true\"><use href=\"#tf-fas-phone\"><\/use><\/svg><\/em> 418.376.9098 <\/a> <em><svg aria-hidden=\"true\"><use href=\"#tf-ti-time\"><\/use><\/svg><\/em> Du lundi au vendredi 8:00 - 17:00\n<h2>Envoyez-nous votre message<\/h2><p>[contact-form-7 id=\\\"7\\\" title=\\\"Formulaire de contact 1\\\"]<\/p>\n<h2>T\u00e9l\u00e9phonez-nous<\/h2><p>\u00a0<\/p>\n<a href=\"tel:418-376-9098\" > <em><svg aria-hidden=\"true\"><use href=\"#tf-fas-phone\"><\/use><\/svg><\/em> 418-376-9098 <\/a>","_links":{"self":[{"href":"https:\/\/www.gcroberge.ca\/marketing\/wp-json\/wp\/v2\/pages\/74","targetHints":{"allow":["GET"]}}],"collection":[{"href":"https:\/\/www.gcroberge.ca\/marketing\/wp-json\/wp\/v2\/pages"}],"about":[{"href":"https:\/\/www.gcroberge.ca\/marketing\/wp-json\/wp\/v2\/types\/page"}],"author":[{"embeddable":true,"href":"https:\/\/www.gcroberge.ca\/marketing\/wp-json\/wp\/v2\/users\/1"}],"replies":[{"embeddable":true,"href":"https:\/\/www.gcroberge.ca\/marketing\/wp-json\/wp\/v2\/comments?post=74"}],"version-history":[{"count":66,"href":"https:\/\/www.gcroberge.ca\/marketing\/wp-json\/wp\/v2\/pages\/74\/revisions"}],"predecessor-version":[{"id":691,"href":"https:\/\/www.gcroberge.ca\/marketing\/wp-json\/wp\/v2\/pages\/74\/revisions\/691"}],"wp:attachment":[{"href":"https:\/\/www.gcroberge.ca\/marketing\/wp-json\/wp\/v2\/media?parent=74"}],"curies":[{"name":"wp","href":"https:\/\/api.w.org\/{rel}","templated":true}]}}